{"id":508,"date":"2021-03-12T21:14:01","date_gmt":"2021-03-12T21:14:01","guid":{"rendered":"https:\/\/feministasanticarcelarias.org\/?page_id=508"},"modified":"2022-09-09T01:35:01","modified_gmt":"2022-09-09T01:35:01","slug":"audiovisual","status":"publish","type":"page","link":"https:\/\/feministasanticarcelarias.org\/?page_id=508","title":{"rendered":"Testimonios"},"content":{"rendered":"\t\t<div data-elementor-type=\"wp-page\" data-elementor-id=\"508\" class=\"elementor elementor-508\">\n\t\t\t\t\t\t<section class=\"elementor-section elementor-top-section elementor-element elementor-element-e8f98d1 elementor-section-boxed elementor-section-height-default elementor-section-height-default\" data-id=\"e8f98d1\" data-element_type=\"section\" data-e-type=\"section\">\n\t\t\t\t\t\t<div class=\"elementor-container elementor-column-gap-default\">\n\t\t\t\t\t<div class=\"elementor-column elementor-col-100 elementor-top-column elementor-element elementor-element-d44701e\" data-id=\"d44701e\" data-element_type=\"column\" data-e-type=\"column\">\n\t\t\t<div class=\"elementor-widget-wrap elementor-element-populated\">\n\t\t\t\t\t\t<div class=\"elementor-element elementor-element-ea8ac3e elementor-widget elementor-widget-spacer\" data-id=\"ea8ac3e\" data-element_type=\"widget\" data-e-type=\"widget\" data-widget_type=\"spacer.default\">\n\t\t\t\t<div class=\"elementor-widget-container\">\n\t\t\t\t\t\t\t<div class=\"elementor-spacer\">\n\t\t\t<div class=\"elementor-spacer-inner\"><\/div>\n\t\t<\/div>\n\t\t\t\t\t\t<\/div>\n\t\t\t\t<\/div>\n\t\t\t\t<div class=\"elementor-element elementor-element-51b9208 elementor-widget elementor-widget-heading\" data-id=\"51b9208\" data-element_type=\"widget\" data-e-type=\"widget\" data-widget_type=\"heading.default\">\n\t\t\t\t<div class=\"elementor-widget-container\">\n\t\t\t\t\t<h1 class=\"elementor-heading-title elementor-size-default\">Violencias carcelarias durante la pandemia: Testimonios desde Am\u00e9rica Latina <\/h1>\t\t\t\t<\/div>\n\t\t\t\t<\/div>\n\t\t\t\t\t<\/div>\n\t\t<\/div>\n\t\t\t\t\t<\/div>\n\t\t<\/section>\n\t\t\t\t<section class=\"elementor-section elementor-top-section elementor-element elementor-element-56fe982 elementor-section-boxed elementor-section-height-default elementor-section-height-default\" data-id=\"56fe982\" data-element_type=\"section\" data-e-type=\"section\">\n\t\t\t\t\t\t<div class=\"elementor-container elementor-column-gap-default\">\n\t\t\t\t\t<div class=\"elementor-column elementor-col-100 elementor-top-column elementor-element elementor-element-a2ae58f\" data-id=\"a2ae58f\" data-element_type=\"column\" data-e-type=\"column\">\n\t\t\t<div class=\"elementor-widget-wrap elementor-element-populated\">\n\t\t\t\t\t\t<div class=\"elementor-element elementor-element-467cd56 elementor-widget elementor-widget-text-editor\" data-id=\"467cd56\" data-element_type=\"widget\" data-e-type=\"widget\" data-widget_type=\"text-editor.default\">\n\t\t\t\t<div class=\"elementor-widget-container\">\n\t\t\t\t\t\t\t\t\t<p><span class=\"JsGRdQ\">Los testimonios que aqu\u00ed publicamos dan cuenta de la urgencia e importancia de la Campa\u00f1a Latinoamericana por la Excarcelaci\u00f3n de\u00a0 Mujeres, en la que participamos agrupaciones de Argentina, Brasil, Chile, Ecuador y M\u00e9xico, para visibilizar los peligros que las mujeres presas viven en el contexto de esta pandemia, unidas bajo la consigna #Am\u00e9ricaLatinaLiberarlasEsJusticia. La pandemia puso en evidencia la crisis carcelaria que se vive en Am\u00e9rica Latina desde hace varias d\u00e9cadas, documentada por los trabajos acad\u00e9micos, y denunciada por las organizaciones feministas y de derechos humanos.<\/span><\/p>\t\t\t\t\t\t\t\t<\/div>\n\t\t\t\t<\/div>\n\t\t\t\t<div class=\"elementor-element elementor-element-8765261 elementor-widget elementor-widget-spacer\" data-id=\"8765261\" data-element_type=\"widget\" data-e-type=\"widget\" data-widget_type=\"spacer.default\">\n\t\t\t\t<div class=\"elementor-widget-container\">\n\t\t\t\t\t\t\t<div class=\"elementor-spacer\">\n\t\t\t<div class=\"elementor-spacer-inner\"><\/div>\n\t\t<\/div>\n\t\t\t\t\t\t<\/div>\n\t\t\t\t<\/div>\n\t\t\t\t\t<\/div>\n\t\t<\/div>\n\t\t\t\t\t<\/div>\n\t\t<\/section>\n\t\t\t\t<section class=\"elementor-section elementor-top-section elementor-element elementor-element-f221ca8 elementor-section-boxed elementor-section-height-default elementor-section-height-default\" data-id=\"f221ca8\" data-element_type=\"section\" data-e-type=\"section\">\n\t\t\t\t\t\t<div class=\"elementor-container elementor-column-gap-default\">\n\t\t\t\t\t<div class=\"elementor-column elementor-col-100 elementor-top-column elementor-element elementor-element-fe1b2d2\" data-id=\"fe1b2d2\" data-element_type=\"column\" data-e-type=\"column\">\n\t\t\t<div class=\"elementor-widget-wrap elementor-element-populated\">\n\t\t\t\t\t\t<section class=\"elementor-section elementor-inner-section elementor-element elementor-element-6fe112c elementor-section-boxed elementor-section-height-default elementor-section-height-default\" data-id=\"6fe112c\" data-element_type=\"section\" data-e-type=\"section\">\n\t\t\t\t\t\t<div class=\"elementor-container elementor-column-gap-default\">\n\t\t\t\t\t<div class=\"elementor-column elementor-col-50 elementor-inner-column elementor-element elementor-element-a446b06\" data-id=\"a446b06\" data-element_type=\"column\" data-e-type=\"column\">\n\t\t\t<div class=\"elementor-widget-wrap elementor-element-populated\">\n\t\t\t\t\t\t<div class=\"elementor-element elementor-element-4f23e6b elementor-widget elementor-widget-image\" data-id=\"4f23e6b\" data-element_type=\"widget\" data-e-type=\"widget\" data-widget_type=\"image.default\">\n\t\t\t\t<div class=\"elementor-widget-container\">\n\t\t\t\t\t\t\t\t\t\t\t\t\t\t\t<img fetchpriority=\"high\" decoding=\"async\" width=\"408\" height=\"531\" src=\"https:\/\/feministasanticarcelarias.org\/wp-content\/uploads\/2021\/10\/Captura-de-pantalla-2021-10-06-a-las-15.16.48.png\" class=\"attachment-large size-large wp-image-1163\" alt=\"\" srcset=\"https:\/\/feministasanticarcelarias.org\/wp-content\/uploads\/2021\/10\/Captura-de-pantalla-2021-10-06-a-las-15.16.48.png 408w, https:\/\/feministasanticarcelarias.org\/wp-content\/uploads\/2021\/10\/Captura-de-pantalla-2021-10-06-a-las-15.16.48-231x300.png 231w\" sizes=\"(max-width: 408px) 100vw, 408px\" \/>\t\t\t\t\t\t\t\t\t\t\t\t\t\t\t<\/div>\n\t\t\t\t<\/div>\n\t\t\t\t<div class=\"elementor-element elementor-element-919c75e elementor-align-center elementor-widget elementor-widget-button\" data-id=\"919c75e\" data-element_type=\"widget\" data-e-type=\"widget\" data-widget_type=\"button.default\">\n\t\t\t\t<div class=\"elementor-widget-container\">\n\t\t\t\t\t\t\t\t\t<div class=\"elementor-button-wrapper\">\n\t\t\t\t\t<a class=\"elementor-button elementor-button-link elementor-size-sm\" href=\"https:\/\/politicadedrogas.org\/documentos\/20211004_185033_vidasencustodia_6.pdf\" target=\"_blank\">\n\t\t\t\t\t\t<span class=\"elementor-button-content-wrapper\">\n\t\t\t\t\t\t\t\t\t<span class=\"elementor-button-text\">Informe completo<\/span>\n\t\t\t\t\t<\/span>\n\t\t\t\t\t<\/a>\n\t\t\t\t<\/div>\n\t\t\t\t\t\t\t\t<\/div>\n\t\t\t\t<\/div>\n\t\t\t\t\t<\/div>\n\t\t<\/div>\n\t\t\t\t<div class=\"elementor-column elementor-col-50 elementor-inner-column elementor-element elementor-element-b772b0f\" data-id=\"b772b0f\" data-element_type=\"column\" data-e-type=\"column\">\n\t\t\t<div class=\"elementor-widget-wrap elementor-element-populated\">\n\t\t\t\t\t\t<div class=\"elementor-element elementor-element-ecf8102 elementor-widget elementor-widget-text-editor\" data-id=\"ecf8102\" data-element_type=\"widget\" data-e-type=\"widget\" data-widget_type=\"text-editor.default\">\n\t\t\t\t<div class=\"elementor-widget-container\">\n\t\t\t\t\t\t\t\t\t<p><span style=\"color: #ffffff;\">&nbsp; &nbsp; &nbsp;Esta publicacio\u0301n es producto de un proyecto de investigacio\u0301n financiado por Open Society Foundations (OSF) implementando en conjunto por el Programa de Poli\u0301tica de Drogas del Centro de Investigacio\u0301n y Docencia Econo\u0301micas (CIDE-PPD) y la organizacio\u0301n civil Equis Justicia Para las Mujeres (Equis).&nbsp; &nbsp; &nbsp; &nbsp; &nbsp; &nbsp; &nbsp; &nbsp; &nbsp;<\/span><\/p><p><span style=\"color: rgb(255, 255, 255); font-family: var( --e-global-typography-text-font-family ), Sans-serif; font-weight: var( --e-global-typography-text-font-weight );\">&nbsp; &nbsp; &nbsp; &nbsp; El proyecto buscaba documentar los impactos que ha tenido la pandemia por COVID-19 en las personas privadas de su libertad y sus familias. Las narrativas que aqui\u0301 se presentan fueron trabajadas por mujeres exprivadas de su libertad, quienes participan en una red de mujeres por la defensa y promocio\u0301n de los derechos humanos de las personas privadas de su libertad en Me\u0301xico facilitada por EQUIS.<\/span><\/p><p><span style=\"color: rgb(255, 255, 255); font-family: var( --e-global-typography-text-font-family ), Sans-serif; font-weight: var( --e-global-typography-text-font-weight );\">&nbsp; &nbsp; &nbsp; Esta investigaci\u00f3n muestra reconocerlas como expertas, reconocer este movimiento que est\u00e1 naciendo y darles mayores espacios. Porque por a\u00f1os las hemos silenciado. Una vez que aceptaron el reto de ser parte del proceso de investigacio\u0301n, participaron en un taller de disen\u0303o del estudio donde en conjunto con los equipos del CIDE-PPD y de Equis, formulamos la pregunta de investigacio\u0301n, disen\u0303amos la estrategia de recoleccio\u0301n de informacio\u0301n y el instrumento. Asimismo, recibieron una capacitacio\u0301n ba\u0301sica en la te\u0301cnica de la entrevista en profundidad. Ojala\u0301 estas historias nos sirvan para reflexionar sobre que\u0301 tipo de justicia queremos y que\u0301 formas creativas tenemos para conseguirla.&nbsp;<\/span><\/p>\t\t\t\t\t\t\t\t<\/div>\n\t\t\t\t<\/div>\n\t\t\t\t\t<\/div>\n\t\t<\/div>\n\t\t\t\t\t<\/div>\n\t\t<\/section>\n\t\t\t\t\t<\/div>\n\t\t<\/div>\n\t\t\t\t\t<\/div>\n\t\t<\/section>\n\t\t\t\t<section class=\"elementor-section elementor-top-section elementor-element elementor-element-624f1ce elementor-section-boxed elementor-section-height-default elementor-section-height-default\" data-id=\"624f1ce\" data-element_type=\"section\" data-e-type=\"section\">\n\t\t\t\t\t\t<div class=\"elementor-container elementor-column-gap-default\">\n\t\t\t\t\t<div class=\"elementor-column elementor-col-100 elementor-top-column elementor-element elementor-element-68d32d8\" data-id=\"68d32d8\" data-element_type=\"column\" data-e-type=\"column\">\n\t\t\t<div class=\"elementor-widget-wrap elementor-element-populated\">\n\t\t\t\t\t\t<div class=\"elementor-element elementor-element-79a748e elementor-widget elementor-widget-image\" data-id=\"79a748e\" data-element_type=\"widget\" data-e-type=\"widget\" data-widget_type=\"image.default\">\n\t\t\t\t<div class=\"elementor-widget-container\">\n\t\t\t\t\t\t\t\t\t\t\t\t\t\t\t\t<a href=\"https:\/\/drive.google.com\/file\/d\/1tfucW0g0vt4AeotRdHQ_qdZ_u57hNqUU\/view?usp=sharing\" target=\"_blank\">\n\t\t\t\t\t\t\t<img decoding=\"async\" width=\"388\" height=\"505\" src=\"https:\/\/feministasanticarcelarias.org\/wp-content\/uploads\/2021\/10\/Captura-de-pantalla-2021-10-01-a-las-18.46.38.png\" class=\"attachment-medium_large size-medium_large wp-image-1147\" alt=\"\" srcset=\"https:\/\/feministasanticarcelarias.org\/wp-content\/uploads\/2021\/10\/Captura-de-pantalla-2021-10-01-a-las-18.46.38.png 388w, https:\/\/feministasanticarcelarias.org\/wp-content\/uploads\/2021\/10\/Captura-de-pantalla-2021-10-01-a-las-18.46.38-230x300.png 230w\" sizes=\"(max-width: 388px) 100vw, 388px\" \/>\t\t\t\t\t\t\t\t<\/a>\n\t\t\t\t\t\t\t\t\t\t\t\t\t\t\t<\/div>\n\t\t\t\t<\/div>\n\t\t\t\t<div class=\"elementor-element elementor-element-d4769d2 elementor-widget elementor-widget-spacer\" data-id=\"d4769d2\" data-element_type=\"widget\" data-e-type=\"widget\" data-widget_type=\"spacer.default\">\n\t\t\t\t<div class=\"elementor-widget-container\">\n\t\t\t\t\t\t\t<div class=\"elementor-spacer\">\n\t\t\t<div class=\"elementor-spacer-inner\"><\/div>\n\t\t<\/div>\n\t\t\t\t\t\t<\/div>\n\t\t\t\t<\/div>\n\t\t\t\t<div class=\"elementor-element elementor-element-ae9de59 elementor-widget elementor-widget-image\" data-id=\"ae9de59\" data-element_type=\"widget\" data-e-type=\"widget\" data-widget_type=\"image.default\">\n\t\t\t\t<div class=\"elementor-widget-container\">\n\t\t\t\t\t\t\t\t\t\t\t\t\t\t\t<img decoding=\"async\" width=\"379\" height=\"491\" src=\"https:\/\/feministasanticarcelarias.org\/wp-content\/uploads\/2021\/09\/Captura-de-pantalla-2021-08-31-a-las-22.41.32.png\" class=\"attachment-large size-large wp-image-1128\" alt=\"\" srcset=\"https:\/\/feministasanticarcelarias.org\/wp-content\/uploads\/2021\/09\/Captura-de-pantalla-2021-08-31-a-las-22.41.32.png 379w, https:\/\/feministasanticarcelarias.org\/wp-content\/uploads\/2021\/09\/Captura-de-pantalla-2021-08-31-a-las-22.41.32-232x300.png 232w\" sizes=\"(max-width: 379px) 100vw, 379px\" \/>\t\t\t\t\t\t\t\t\t\t\t\t\t\t\t<\/div>\n\t\t\t\t<\/div>\n\t\t\t\t<section class=\"elementor-section elementor-inner-section elementor-element elementor-element-0d491a9 elementor-section-boxed elementor-section-height-default elementor-section-height-default\" data-id=\"0d491a9\" data-element_type=\"section\" data-e-type=\"section\">\n\t\t\t\t\t\t<div class=\"elementor-container elementor-column-gap-default\">\n\t\t\t\t\t<div class=\"elementor-column elementor-col-50 elementor-inner-column elementor-element elementor-element-2d0dfb9\" data-id=\"2d0dfb9\" data-element_type=\"column\" data-e-type=\"column\">\n\t\t\t<div class=\"elementor-widget-wrap elementor-element-populated\">\n\t\t\t\t\t\t<div class=\"elementor-element elementor-element-74915ba elementor-align-right elementor-widget elementor-widget-button\" data-id=\"74915ba\" data-element_type=\"widget\" data-e-type=\"widget\" data-widget_type=\"button.default\">\n\t\t\t\t<div class=\"elementor-widget-container\">\n\t\t\t\t\t\t\t\t\t<div class=\"elementor-button-wrapper\">\n\t\t\t\t\t<a class=\"elementor-button elementor-button-link elementor-size-sm\" href=\"https:\/\/drive.google.com\/file\/d\/1WGFQCZjSgUKp4HXyA80TAGQMCAR7UL4u\/view?usp=sharing\" target=\"_blank\">\n\t\t\t\t\t\t<span class=\"elementor-button-content-wrapper\">\n\t\t\t\t\t\t\t\t\t<span class=\"elementor-button-text\">Versi\u00f3n en Portugu\u00e9s<\/span>\n\t\t\t\t\t<\/span>\n\t\t\t\t\t<\/a>\n\t\t\t\t<\/div>\n\t\t\t\t\t\t\t\t<\/div>\n\t\t\t\t<\/div>\n\t\t\t\t\t<\/div>\n\t\t<\/div>\n\t\t\t\t<div class=\"elementor-column elementor-col-50 elementor-inner-column elementor-element elementor-element-8802db5\" data-id=\"8802db5\" data-element_type=\"column\" data-e-type=\"column\">\n\t\t\t<div class=\"elementor-widget-wrap elementor-element-populated\">\n\t\t\t\t\t\t<div class=\"elementor-element elementor-element-25b83fb elementor-widget elementor-widget-button\" data-id=\"25b83fb\" data-element_type=\"widget\" data-e-type=\"widget\" data-widget_type=\"button.default\">\n\t\t\t\t<div class=\"elementor-widget-container\">\n\t\t\t\t\t\t\t\t\t<div class=\"elementor-button-wrapper\">\n\t\t\t\t\t<a class=\"elementor-button elementor-button-link elementor-size-sm\" href=\"https:\/\/drive.google.com\/file\/d\/1bgyTcZJevBx32JInPBPm092zf5y6siaD\/view?usp=sharing\" target=\"_blank\">\n\t\t\t\t\t\t<span class=\"elementor-button-content-wrapper\">\n\t\t\t\t\t\t\t\t\t<span class=\"elementor-button-text\">Versi\u00f3n en Espa\u00f1ol<\/span>\n\t\t\t\t\t<\/span>\n\t\t\t\t\t<\/a>\n\t\t\t\t<\/div>\n\t\t\t\t\t\t\t\t<\/div>\n\t\t\t\t<\/div>\n\t\t\t\t\t<\/div>\n\t\t<\/div>\n\t\t\t\t\t<\/div>\n\t\t<\/section>\n\t\t\t\t<div class=\"elementor-element elementor-element-52abb59 elementor-widget elementor-widget-spacer\" data-id=\"52abb59\" data-element_type=\"widget\" data-e-type=\"widget\" data-widget_type=\"spacer.default\">\n\t\t\t\t<div class=\"elementor-widget-container\">\n\t\t\t\t\t\t\t<div class=\"elementor-spacer\">\n\t\t\t<div class=\"elementor-spacer-inner\"><\/div>\n\t\t<\/div>\n\t\t\t\t\t\t<\/div>\n\t\t\t\t<\/div>\n\t\t\t\t\t<\/div>\n\t\t<\/div>\n\t\t\t\t\t<\/div>\n\t\t<\/section>\n\t\t\t\t<section class=\"elementor-section elementor-top-section elementor-element elementor-element-3b046c1 elementor-section-boxed elementor-section-height-default elementor-section-height-default\" data-id=\"3b046c1\" data-element_type=\"section\" data-e-type=\"section\">\n\t\t\t\t\t\t<div class=\"elementor-container elementor-column-gap-default\">\n\t\t\t\t\t<div class=\"elementor-column elementor-col-100 elementor-top-column elementor-element elementor-element-851e131\" data-id=\"851e131\" data-element_type=\"column\" data-e-type=\"column\">\n\t\t\t<div class=\"elementor-widget-wrap elementor-element-populated\">\n\t\t\t\t\t\t<div class=\"elementor-element elementor-element-3db7910 elementor-widget elementor-widget-image\" data-id=\"3db7910\" data-element_type=\"widget\" data-e-type=\"widget\" data-widget_type=\"image.default\">\n\t\t\t\t<div class=\"elementor-widget-container\">\n\t\t\t\t\t\t\t\t\t\t\t\t\t\t\t\t<a href=\"https:\/\/drive.google.com\/file\/d\/1jTeLjznbXZYqRRu0giY2aODmybnQrM3Z\/view?usp=sharing\" target=\"_blank\">\n\t\t\t\t\t\t\t<img loading=\"lazy\" decoding=\"async\" width=\"434\" height=\"563\" src=\"https:\/\/feministasanticarcelarias.org\/wp-content\/uploads\/2021\/08\/Captura-de-pantalla-2021-08-12-a-las-15.47.12.png\" class=\"attachment-large size-large wp-image-1070\" alt=\"\" srcset=\"https:\/\/feministasanticarcelarias.org\/wp-content\/uploads\/2021\/08\/Captura-de-pantalla-2021-08-12-a-las-15.47.12.png 434w, https:\/\/feministasanticarcelarias.org\/wp-content\/uploads\/2021\/08\/Captura-de-pantalla-2021-08-12-a-las-15.47.12-231x300.png 231w\" sizes=\"(max-width: 434px) 100vw, 434px\" \/>\t\t\t\t\t\t\t\t<\/a>\n\t\t\t\t\t\t\t\t\t\t\t\t\t\t\t<\/div>\n\t\t\t\t<\/div>\n\t\t\t\t<div class=\"elementor-element elementor-element-32049d1 elementor-widget elementor-widget-spacer\" data-id=\"32049d1\" data-element_type=\"widget\" data-e-type=\"widget\" data-widget_type=\"spacer.default\">\n\t\t\t\t<div class=\"elementor-widget-container\">\n\t\t\t\t\t\t\t<div class=\"elementor-spacer\">\n\t\t\t<div class=\"elementor-spacer-inner\"><\/div>\n\t\t<\/div>\n\t\t\t\t\t\t<\/div>\n\t\t\t\t<\/div>\n\t\t\t\t\t<\/div>\n\t\t<\/div>\n\t\t\t\t\t<\/div>\n\t\t<\/section>\n\t\t\t\t<section class=\"elementor-section elementor-top-section elementor-element elementor-element-36928ca elementor-section-boxed elementor-section-height-default elementor-section-height-default\" data-id=\"36928ca\" data-element_type=\"section\" data-e-type=\"section\">\n\t\t\t\t\t\t<div class=\"elementor-container elementor-column-gap-default\">\n\t\t\t\t\t<div class=\"elementor-column elementor-col-100 elementor-top-column elementor-element elementor-element-5e0239b\" data-id=\"5e0239b\" data-element_type=\"column\" data-e-type=\"column\">\n\t\t\t<div class=\"elementor-widget-wrap elementor-element-populated\">\n\t\t\t\t\t\t<div class=\"elementor-element elementor-element-53722a7 elementor-widget elementor-widget-image\" data-id=\"53722a7\" data-element_type=\"widget\" data-e-type=\"widget\" data-widget_type=\"image.default\">\n\t\t\t\t<div class=\"elementor-widget-container\">\n\t\t\t\t\t\t\t\t\t\t\t\t\t\t\t\t<a href=\"https:\/\/drive.google.com\/file\/d\/1Csz-mP5ssUwdCgGg4MB5JVBPVVFjUqSw\/view?usp=sharing\" target=\"_blank\">\n\t\t\t\t\t\t\t<img loading=\"lazy\" decoding=\"async\" width=\"445\" height=\"574\" src=\"https:\/\/feministasanticarcelarias.org\/wp-content\/uploads\/2022\/09\/Captura-de-pantalla-2022-09-08-a-las-20.38.00.png\" class=\"attachment-large size-large wp-image-1214\" alt=\"\" srcset=\"https:\/\/feministasanticarcelarias.org\/wp-content\/uploads\/2022\/09\/Captura-de-pantalla-2022-09-08-a-las-20.38.00.png 445w, https:\/\/feministasanticarcelarias.org\/wp-content\/uploads\/2022\/09\/Captura-de-pantalla-2022-09-08-a-las-20.38.00-233x300.png 233w\" sizes=\"(max-width: 445px) 100vw, 445px\" \/>\t\t\t\t\t\t\t\t<\/a>\n\t\t\t\t\t\t\t\t\t\t\t\t\t\t\t<\/div>\n\t\t\t\t<\/div>\n\t\t\t\t<div class=\"elementor-element elementor-element-dee105a elementor-widget elementor-widget-spacer\" data-id=\"dee105a\" data-element_type=\"widget\" data-e-type=\"widget\" data-widget_type=\"spacer.default\">\n\t\t\t\t<div class=\"elementor-widget-container\">\n\t\t\t\t\t\t\t<div class=\"elementor-spacer\">\n\t\t\t<div class=\"elementor-spacer-inner\"><\/div>\n\t\t<\/div>\n\t\t\t\t\t\t<\/div>\n\t\t\t\t<\/div>\n\t\t\t\t\t<\/div>\n\t\t<\/div>\n\t\t\t\t\t<\/div>\n\t\t<\/section>\n\t\t\t\t<\/div>\n\t\t","protected":false},"excerpt":{"rendered":"<p>Violencias carcelarias durante la pandemia: Testimonios desde Am\u00e9rica Latina Los testimonios que aqu\u00ed publicamos dan cuenta de la urgencia e importancia de la Campa\u00f1a Latinoamericana por la Excarcelaci\u00f3n de\u00a0 Mujeres, &#8230; <a title=\"Testimonios\" class=\"read-more\" href=\"https:\/\/feministasanticarcelarias.org\/?page_id=508\" aria-label=\"Leer m\u00e1s sobre Testimonios\">Leer m\u00e1s<\/a><\/p>\n","protected":false},"author":1,"featured_media":0,"parent":0,"menu_order":7,"comment_status":"closed","ping_status":"closed","template":"elementor_header_footer","meta":{"_monsterinsights_skip_tracking":false,"_monsterinsights_sitenote_active":false,"_monsterinsights_sitenote_note":"","_monsterinsights_sitenote_category":0,"footnotes":""},"class_list":["post-508","page","type-page","status-publish"],"_links":{"self":[{"href":"https:\/\/feministasanticarcelarias.org\/index.php?rest_route=\/wp\/v2\/pages\/508","targetHints":{"allow":["GET"]}}],"collection":[{"href":"https:\/\/feministasanticarcelarias.org\/index.php?rest_route=\/wp\/v2\/pages"}],"about":[{"href":"https:\/\/feministasanticarcelarias.org\/index.php?rest_route=\/wp\/v2\/types\/page"}],"author":[{"embeddable":true,"href":"https:\/\/feministasanticarcelarias.org\/index.php?rest_route=\/wp\/v2\/users\/1"}],"replies":[{"embeddable":true,"href":"https:\/\/feministasanticarcelarias.org\/index.php?rest_route=%2Fwp%2Fv2%2Fcomments&post=508"}],"version-history":[{"count":40,"href":"https:\/\/feministasanticarcelarias.org\/index.php?rest_route=\/wp\/v2\/pages\/508\/revisions"}],"predecessor-version":[{"id":1217,"href":"https:\/\/feministasanticarcelarias.org\/index.php?rest_route=\/wp\/v2\/pages\/508\/revisions\/1217"}],"wp:attachment":[{"href":"https:\/\/feministasanticarcelarias.org\/index.php?rest_route=%2Fwp%2Fv2%2Fmedia&parent=508"}],"curies":[{"name":"wp","href":"https:\/\/api.w.org\/{rel}","templated":true}]}}